
80
What is the remainder when 299 is divided by 148?
3
What is the remainder when 1469 is divided by 141?
59
Calculate the remainder when 411 is divided by 30.
21
Calculate the remainder when 105 is divided by 24.
9
What is the remainder when 259 is divided by 9?
7
What is the remainder when 175 is divided by 18?
13
Calculate the remainder when 14869 is divided by 13.
10
What is the remainder when 658 is divided by 66?
64
What is the remainder when 4932 is divided by 329?
326
Calculate the remainder when 321 is divided by 36.
33
Calculate the remainder when 4776 is divided by 368.
360
Calculate the remainder when 329 is divided by 80.
9
Calculate the remainder when 221 is divided by 115.
106
What is the remainder when 9549 is divided by 24?
21
What is the remainder when 141 is divided by 18?
15
What is the remainder when 4179 is divided by 123?
120
What is the remainder when 165 is divided by 41?
1
Calculate the remainder when 1486 is divided by 31.
29
Calculate the remainder when 223 is divided by 15.
13
What is the remainder when 4262 is divided by 44?
38
What is the remainder when 1567 is divided by 312?
7
Calculate the remainder when 20999 is divided by 140.
139
What is the remainder when 27 is divided by 9?
0
What is the remainder when 145 is divided by 34?
9
What is the remainder when 425 is divided by 71?
70
What is the remainder when 809 is divided by 36?
17
What is the remainder when 826 is divided by 140?
126
What is the remainder when 301 is divided by 16?
13
Calculate the remainder when 1192 is divided by 34.
2
Calculate the remainder when 2895 is divided by 23.
20
What is the remainder when 142 is divided by 29?
26
What is the remainder when 606 is divided by 51?
45
Calculate the remainder when 5637 is divided by 20.
17
What is the remainder when 1252 is divided by 62?
12
Calculate the remainder when 4403 is divided by 6.
5
Calculate the remainder when 151 is divided by 22.
19
Calculate the remainder when 3956 is divided by 44.
40
What is the remainder when 464 is divided by 26?
22
Calculate the remainder when 203 is divided by 30.
23
What is the remainder when 219 is divided by 20?
19
Calculate the remainder when 764 is divided by 151.
9
Calculate the remainder when 54 is divided by 28.
26
What is the remainder when 87 is divided by 6?
3
Calculate the remainder when 37 is divided by 14.
9
Calculate the remainder when 1078 is divided by 1015.
63
What is the remainder when 594 is divided by 57?
24
Calculate the remainder when 487 is divided by 169.
149
Calculate the remainder when 249 is divided by 34.
11
What is the remainder when 431 is divided by 8?
7
Calculate the remainder when 522 is divided by 30.
12
Calculate the remainder when 6645 is divided by 50.
45
Calculate the remainder when 106 is divided by 7.
1
Calculate the remainder when 2873 is divided by 48.
41
What is the remainder when 193 is divided by 98?
95
What is the remainder when 1050 is divided by 311?
117
Calculate the remainder when 135 is divided by 25.
10
Calculate the remainder when 3709 is divided by 70.
69
What is the remainder when 241 is divided by 84?
73
Calculate the remainder when 577 is divided by 11.
5
Calculate the remainder when 594 is divided by 13.
9
Calculate the remainder when 489 is divided by 177.
135
What is the remainder when 896 is divided by 888?
8
Calculate the remainder when 299 is divided by 102.
95
Calculate the remainder when 294 is divided by 20.
14
What is the remainder when 145 is divided by 26?
15
Calculate the remainder when 42 is divided by 19.
4
Calculate the remainder when 40 is divided by 29.
11
What is the remainder when 116 is divided by 58?
0
What is the remainder when 59 is divided by 25?
9
What is the remainder when 1413 is divided by 8?
5
What is the remainder when 1799 is divided by 100?
99
What is the remainder when 544 is divided by 111?
100
What is the remainder when 229 is divided by 50?
29
Calculate the remainder when 4504 is divided by 98.
94
What is the remainder when 2876 is divided by 60?
56
What is the remainder when 466 is divided by 26?
24
What is the remainder when 818 is divided by 268?
14
What is the remainder when 1329 is divided by 19?
18
Calculate the remainder when 1917 is divided by 12.
9
What is the remainder when 614 is divided by 287?
40
What is the remainder when 845 is divided by 143?
130
What is the remainder when 152 is divided by 36?
8
What is the remainder when 433 is divided by 87?
85
Calculate the remainder when 12295 is divided by 286.
283
Calculate the remainder when 152 is divided by 80.
72
Calculate the remainder when 1190 is divided by 134.
118
What is the remainder when 201 is divided by 53?
42
What is the remainder when 29 is divided by 26?
3
Calculate the remainder when 80 is divided by 7.
3
What is the remainder when 322 is divided by 25?
22
What is the remainder when 154 is divided by 35?
14
Calculate the remainder when 146 is divided by 61.
24
What is the remainder when 123 is divided by 9?
6
Calculate the remainder when 708 is divided by 38.
24
Calculate the remainder when 311 is divided by 58.
21
What is the remainder when 36792 is divided by 33?
30
Calculate the remainder when 16 is divided by 15.
1
What is the remainder when 3273 is divided by 328?
321
Calculate the remainder when 4288 is divided by 179.
171
Calculate the remainder when 777 is divided by 197.
186
What is the remainder when 39 is divided by 28?
11
What is the remainder when 969 is divided by 424?
121
What is the remainder when 3297 is divided by 33?
30
What is the remainder when 320 is divided by 142?
36
Calculate the remainder when 494 is divided by 7.
4
What is the remainder when 9 is divided by 6?
3
What is the remainder when 674 is divided by 13?
11
Calculate the remainder when 368 is divided by 47.
39
Calculate the remainder when 274 is divided by 137.
0
Calculate the remainder when 2449 is divided by 245.
244
Calculate the remainder when 99 is divided by 17.
14
Calculate the remainder when 46329 is divided by 27.
24
What is the remainder when 119 is divided by 39?
2
Calculate the remainder when 343 is divided by 69.
67
What is the remainder when 5336 is divided by 448?
408
What is the remainder when 13001 is divided by 197?
196
What is the remainder when 2109 is divided by 48?
45
What is the remainder when 208 is divided by 195?
13
What is the remainder when 3058 is divided by 23?
22
Calculate the remainder when 188 is divided by 184.
4
Calculate the remainder when 410 is divided by 59.
56
Calculate the remainder when 117 is divided by 10.
7
What is the remainder when 4316 is divided by 106?
76
What is the remainder when 181 is divided by 13?
12
What is the remainder when 348 is divided by 169?
10
Calculate the remainder when 44 is divided by 22.
0
Calculate the remainder when 128 is divided by 35.
23
Calculate the remainder when 158 is divided by 101.
57
Calculate the remainder when 57 is divided by 40.
17
Calculate the remainder when 331 is divided by 20.
11
Calculate the remainder when 2069 is divided by 90.
89
What is the remainder when 10112 is divided by 85?
82
What is the remainder when 274 is divided by 8?
2
Calculate the remainder when 480 is divided by 161.
158
Calculate the remainder when 618 is divided by 78.
72
Calculate the remainder when 2201 is divided by 35.
31
Calculate the remainder when 2351 is divided by 49.
48
What is the remainder when 1067 is divided by 134?
129
What is the remainder when 560 is divided by 147?
119
Calculate the remainder when 1077 is divided by 253.
65
What is the remainder when 128 is divided by 67?
61
What is the remainder when 1294 is divided by 50?
44
Calculate the remainder when 2386 is divided by 55.
21
Calculate the remainder when 30 is divided by 18.
12
What is the remainder when 119 is divided by 62?
57
What is the remainder when 205 is divided by 67?
4
Calculate the remainder when 859 is divided by 216.
211
What is the remainder when 8523 is divided by 16?
11
Calculate the remainder when 1347 is divided by 15.
12
What is the remainder when 113 is divided by 13?
9
Calculate the remainder when 3625 is divided by 93.
91
Calculate the remainder when 335 is divided by 16.
15
What is the remainder when 1600 is divided by 521?
37
Calculate the remainder 